 - 59. Let k be b(-32). Suppose k*s = 404 + z. Is s composite?
True
Let c = 141 + -137. Suppose 2*y + c*a - 4010 = -1496, y - 1253 = -a. Is y a prime number?
True
Let c = -10815 - -24942. Let l = 22790 - c. Is l a composite number?
False
Suppose -15520 = 2*a + 1862. Let g = -3952 - a. Is g composite?
True
Suppose -2*t - 3664 = -5*b, b - 437 = -5*t + 312. Suppose 2*n + 0*n + 1891 = h, 4*n + 5667 = 3*h. Let d = h - b. Is d a composite number?
False
Suppose -43*o - 84*o + 31365740 = 13*o. Is o a composite number?
False
Let i be 84/49 + ((-8)/7)/(-4). Suppose 13010 = -2*y + i*x - 6*x, 3*y + 19505 = 4*x. Let z = -4422 - y. Is z a prime number?
True
Let n(w) = w**3 + 5*w**2 + w + 10. Let j be n(-5). Let c(d) = -j*d + 3*d**2 - d**3 + 17 + d**2 - 10*d**2 - d**3. Is c(-8) a composite number?
True
Let o be (-3 - (-1 + -3)) + 1570. Suppose -b = -0*t - 4*t + o, t = b + 395. Suppose 6*c - t = -158. Is c a composite number?
True
Let j be (14/(-3))/(2/(-69)). Let t be -3 + -2*(27/2)/(-9). Suppose 6*c - j - 601 = t. Is c prime?
True
Let p(z) = -212*z**3 + 25*z**2 + 20*z + 580. Is p(-19) a prime number?
False
Let b be ((-6)/(-12))/(9/8 - 1). Suppose -2*m - 22404 = -b*i + 2*m, 3*i - 16783 = -m. Suppose 0 = -8*k + 4*k + i. Is k a composite number?
False
Let o(s) = -s**3 - 4*s**2 - 4*s - 7. Let f = -33 + 27. Let m be o(f). Suppose 84*a + 1295 = m*a. Is a a composite number?
True
Is (-168)/112 - (2 + 1262070/(-12)) a prime number?
False
Suppose 0 = 26*o - 31*o + 3455. Let q be 3592/26 + (-4)/26. Let g = o - q. Is g a prime number?
False
Let t(r) = 27*r**2 - 28*r + 106. Is t(17) a composite number?
False
Suppose -14*r + 2504 = -33840. Suppose 0 = 13*q - 18053 + r. Is q composite?
True
Let z(i) = -2*i**3 - 3*i + 178. Let t be z(14). Let n be ((-144)/(-15))/3*5. Is (0 + (-138)/9)/(n/t) prime?
False
Let m = -24750 + 52777. Is m a prime number?
True
Let c = -8 - -14. Suppose -n - n = -c. Suppose 4*d + 1231 = 4*i + 5463, 3170 = n*d + i. Is d prime?
False
Let z = -159 + 158. Is 23275 - (7 + (0 - z)) a prime number?
False
Suppose 0 = 9953*z - 9943*z - 21610. Is z composite?
False
Let m(a) = 21*a + 4. Let k be m(-2). Let f = k - -38. Suppose 2*c + 4*h - 1370 = 0, f = 2*c - 3*c - h + 688. Is c prime?
True
Let y be 4/(-6) + (1610/(-15) - 2). Is (6/(-2)*2)/(y/6985) prime?
False
Let h = -2213 - -1518. Let u = h - -5584. Is u a prime number?
True
Suppose -4*u = 4*l - 272356, 137640 + 202823 = 5*u - 4*l. Suppose 38*b = 270983 + u. Is b a composite number?
False
Let y be -3 + (-10 - 6)/4. Is 3/(3/12616) - (-35)/y a prime number?
True
Suppose -213*u = -94*u - 48254738. Is u a composite number?
True
Let n(z) = z**3 + 118*z**2 + 12*z + 1243. Is n(-114) a composite number?
False
Is 54 + -46 - (3 - 2)*-1385249 a composite number?
True
Suppose 4*z - 159865 = -z. Suppose -4*b - 9385 = -z. Is b composite?
False
Let x(u) = 3*u - 2. Let l(o) = -3*o - 15. Let q be l(-16). Suppose -2*d + 5 = -2*a + 23, 5*a - 2*d - q = 0. Is x(a) composite?
False
Suppose -24 = 4*i, -i = -133*c + 128*c + 786751. Is c a prime number?
True
Let l = 285 - 276. Is ((-6234)/l)/((-30)/45) prime?
True
Let n(m) be the second derivative of 71*m**4/12 - m**3/2 - 31*m**2/2 + 60*m. Is n(-5) a prime number?
True
Let m(n) = -8*n - 75. Let i be m(-10). Suppose -i*y + 773 = -1752. Is y a prime number?
False
Is -1*(16 - 12 - 4885) prime?
False
Suppose 7*n - 48 = -5*n. Let k = 13 - n. Suppose -6061 - 536 = -k*r. Is r prime?
True
Suppose 4*n - 87540 = -26*n. Suppose n = 10*o - 8112. Is o a prime number?
True
Suppose 0 = -4*d + v + 7, -3*v + 9 = 4*d - 2. Let r(p) = 19*p**2 + 1 - 3*p - 8*p**d - 6*p - 8. Is r(15) a composite number?
False
Let i(n) = n**3 + 4*n**2 - 1. Let j be i(-2). Suppose -7226 - 705 = -j*v. Let x = v + -804. Is x prime?
False
Let r(u) = 47*u + 56. Suppose -2*q = y - 22, -q - 7 = -3*y - 32. Is r(q) prime?
False
Suppose 2896 = -9*d + 13*d. Suppose 4*f - 3*m = 2972, -f = -0*f + 4*m - d. Suppose -b - 3*r = -0*r - 134, f = 5*b + r. Is b a composite number?
False
Suppose -5*b = -5*t - 385, -2*t + 0*t - 160 = -4*b. Let u = -95 - t. Let v(y) = -20*y - 41. Is v(u) a prime number?
True
Let t(m) = -5*m + 13. Let g be t(2). Suppose 4*d = -g*q + 2*q + 3373, -16929 = -5*q - 4*d. Is q a prime number?
True
Suppose 0*t = -4*i - 3*t + 24, -t = 3*i - 13. Suppose 4*j = 4*z + 172, 12*j - 3*z - 205 = 7*j. Suppose -557 = -5*g - i*k, 55 = g - 4*k - j. Is g a prime number?
True
Let d = 2108347 - 760688. Is d a prime number?
False
Let i = -37 + 44. Let m(r) = -r**3 + 2*r**2 - 2*r + 6. Let d be m(i). Let h = 676 - d. Is h composite?
False
Let q(s) = -s**3 + 28*s**2 + 2*s - 11. Suppose 27 = 4*j - 21. Is q(j) composite?
True
Is 2375308/9 - ((-2)/(-72))/((-62)/(-248)) a prime number?
False
Let m(y) = -4*y + 4. Let r be m(-3). Suppose v + 5*h + 3174 = 9499, 2*v - 12664 = -3*h. Suppose -11*t + r*t - v = 0. Is t a prime number?
False
Suppose 0 = 57*p + 24*p - 9*p - 13568760. Is p prime?
False
Suppose 24*b = 40412 - 2540. Suppose 2*y + b = 15862. Is y a prime number?
False
Let l = -597765 - -959488. Is l a prime number?
True
Let n(z) = -z**3 - 9*z**2 + 29*z + 186. Let x be n(-12). Let s(r) = -204*r + 1. Let c be s(-2). Let w = x + c. Is w a composite number?
True
Suppose 92820 - 7766 + 124664 = 18*z. Is z a composite number?
True
Let j = 22627 + -3642. Is j prime?
False
Suppose y = -4, 2*y = 5*g - y + 28. Is g/(-28) + (-570270)/(-70) prime?
True
Suppose 0 = -0*x - 2*x + y - 12, x = -2*y - 6. Let u be (49/(-2) + 2)/(x/88). Suppose 4*c + u - 1174 = 0. Is c a prime number?
True
Suppose 9*a = 23 + 4. Let s be ((-12)/15)/((-2)/10). Suppose 266 = r - s*k, -a*r + 1384 = 2*r - 2*k. Is r composite?
True
Let i be (-1)/((12/123304)/(-3)). Suppose 2*r + 1 = -5*p + 7, -3*r = -5*p - 9. Suppose 10*d + 5136 - i = p. Is d prime?
False
Let m be (-7)/7 + (-84)/(-4). Let o be (8/m)/((-3)/45). Is (-897)/o + 2/(-4) composite?
False
Let o(t) = -2253*t + 14243. Is o(-62) prime?
True
Suppose -10 = -28*w + 29*w. Let p be 108/45*w/(-6). Is (-3102)/p*(-1 + (-2)/(-6)) composite?
True
Let v be ((-2)/(-6))/((-5)/(-30)). Let x be (v + 1 - 2459)*-1. Suppose -5*s + x = 2*w, -3*w - 4*s = -2*s - 3673. Is w prime?
True
Suppose -746 = t - 2*t - j, -4*t - 3*j + 2987 = 0. Suppose -3*m + 10180 = -t. Is m a prime number?
True
Let h(g) = 21*g**2 + 175*g - 873. Is h(-86) composite?
False
Let p = 212 + -208. Suppose -2*u + 7*u - 34925 = -4*z, p*u + z = 27951. Is u composite?
True
Let j = 43 + -40. Suppose 0 = j*q - 3424 - 7889. Suppose -5*r + q = -2*i - 570, i = r - 867. Is r prime?
False
Suppose 5*o + 27*p = 26*p + 415990, -5*o + 416015 = -4*p. Is o a prime number?
False
Let p(j) = -3*j**2 - 11*j + 6. Let g be p(13). Is (-99876)/g - (-4)/(-46) composite?
True
Let l be (-754)/(-10) + 6/10. Suppose l = 2*u - 8. Is ((-37)/(-3))/(14/u) composite?
False
Let y(n) = -23*n**2 + 605*n - 19. Is y(24) composite?
True
Suppose 2*r - 616 = -2*r. Let y be (-1)/(-2)*(43 + 91). Let l = r - y. Is l composite?
True
Let a(q) = -1 + 681*q**3 + 9*q - 1 + 4*q**2 - 22 - 679*q**3. Let x(k) = 3*k**3 + 5*k**2 + 8*k - 25. Let d(u) = -6*a(u) + 5*x(u). Is d(9) prime?
True
Let g(l) = 20999*l**2 + 17*l - 103. Is g(6) composite?
True
Suppose 3*q - 5*o - 1435723 = 0, 2*q - 12*o - 957164 = -o. Is q prime?
True
Let w(q) = -19 + 13 + 10 + 0*q**2 - 3*q + 3*q**2 - 139*q**3. Is w(-3) a prime number?
True
Let x(t) = 65*t + 1. Let z be x(2). Suppose -w - 444 + 1157 = 0. Suppose -4*p + z = -w. Is p prime?
True
Let d(r) = 94*r**2 + 5*r + 20. Let q(a) = 469*a**2 + 26*a + 99. Let t(y) = 11*d(y) - 2*q(y). Is t(5) a composite number?
False
Let j(v) = -11*v + 29. Let b = -33 - -43. Let s be j(b). Let f = s - -94. Is f a composite number?
False
Suppose -14732 = -2*q + 99*l - 85*l, -3*l - 36926 = -5*q. Is q a composite number?
True
Let z = -2 + -3. Let x(k) = -15*k**2 - 136*k**3 + 0*k + 130*k**3 + 14*k**2 + 7 - k. Is x(z) prime?
False
Suppose -9*p - 24*p = -99. Suppose p*t - 9549 = 5*x, -5*t + 3*x = 8*x - 15915. Is t a prime number?
False
Let n = 9 - -3. Let v(d) = -3*d**2 - 2*d - 1. Let h(z) = -8*z**2 - 6*z - 2. Let a(k) = 6*h(k) - 17*v(k). Is a(n) a composite number?
True
Suppose 3*z = 3*z - z. Suppose -3*s - 14 + 5 = z. Is ((-812)/s + 2)*(-21)/(-14) prime?
True
Suppose 0 = 4*r - 4*i, -r + 0*i + 4*i = 0. Suppose -y - 3 = -r*y. Is y